. Suppose -2*j - 2*m + 1330 = -y*m, -3295 = -5*j - 5*m. Is j a prime number?
False
Let k = 379 - 190. Let a(z) = z**3 + 27*z**2 + 98*z - 44. Let y be a(-17). Let j = y + k. Is j composite?
True
Let l(q) = -1111 + 3079 + 4*q + 269. Is l(0) prime?
True
Let v = 4408 - 3165. Let u = -1510 + 961. Let l = u + v. Is l a prime number?
False
Let q(g) be the first derivative of 57*g**3 - g**2/2 - g + 1. Suppose -o + 3 = y, -o - y - 4*y + 3 = 0. Is q(o) a composite number?
True
Suppose -3*h + 5*y + 52 = 0, 10*h = 5*h - 4*y + 25. Suppose -3*z = -h*z + 23718. Is z prime?
False
Let s be (-3 + (-1)/3)*(-1464)/(-10). Let f = 1171 + s. Is f a composite number?
False
Suppose 3*q - 3*o = 813258, -8*q - 542214 = -10*q - 4*o. Is q prime?
False
Suppose -16 = -3*y - y, -q + 4*y - 20 = 0. Is 3 + q/(-2)*979 a composite number?
True
Suppose 42*b = 1413822 + 27576. Is b prime?
True
Let b be 27/21 - 2/7 - -6. Let h(i) = 2*i**3 - 7*i**2 + 18*i + 8. Let s be h(b). Is 8 - (10 + -6) - -1*s a composite number?
True
Suppose -15*n = -205511 - 842059. Is n composite?
True
Suppose a + 126 = 3*x + 5*a, -2*a + 210 = 5*x. Suppose x*i + 7797 = 45*i. Is i a prime number?
False
Suppose -3*z - z = -12, p - z - 8 = 0. Let t be 0/((-2)/(-1)*p/(-22)). Suppose -n + 0*m + 94 = -3*m, t = 2*m + 6. Is n a prime number?
False
Suppose z = 6*u - 11*u + 2501, -4*u - 2*z + 2002 = 0. Let t = u - 93. Is t prime?
False
Let j(v) = 2462*v - 3. Let k be j(1). Let g = k + -1074. Suppose 0 = -4*l + 4619 + g. Is l composite?
True
Let h = 10 - 5. Suppose -10*s + h = -35. Is ((-6)/(-72)*s)/((-1)/(-177)) a composite number?
False
Let v(d) = d**2 + d + 1. Let g(s) = 3*s**2 + 10*s + 12. Let q(u) = -g(u) + 2*v(u). Let f be q(-3). Suppose -1010 = -f*p + 4275. Is p a composite number?
True
Let z(k) = k**3 - 11*k**2 + 116*k + 223. Is z(32) a composite number?
False
Let i = -683 - 562. Let a = 1922 + i. Is a composite?
False
Let a(p) = 5*p**3 + 6*p**2 - 4*p. Let o be a(4). Suppose 4*y = 3*y + o. Let f = 289 + y. Is f prime?
False
Is 12 + (12 - 259486/(-8)) + (-3)/4 a composite number?
True
Let f(l) = 25*l**3 + 3*l**2 - 63*l + 46. Is f(7) a composite number?
True
Let c be (18/15)/3 + (-162)/30. Is 2722*(-1)/(3 + c) composite?
False
Let g = -2130 + 6349. Is g a prime number?
True
Let j = -39 + 40. Let t be (2 - 3 - -1) + j. Is 164 + 1 + -5 + t a prime number?
False
Let m = -360 - -7033. Is m a composite number?
False
Suppose -399*r + 397*r - 8 = 0, p = 2*r + 151219. Is p a prime number?
False
Suppose 16*z - 15*z = 0. Let g be 1/(3/42489 - z). Suppose -3*b + 4*d + g = 0, 0 = -4*b - 4*d - d + 18884. Is b a prime number?
True
Let r(x) = -x**3 + 7*x**2 + 16*x + 23. Let t be r(9). Suppose 24 = 5*d - y, -4*d + t*y + 12 = 6*y. Suppose -m = -o - 1442, 1 - d = o. Is m a prime number?
True
Let f = 55 - 53. Let z be (-3 - (-22)/12)/((-1)/6). Suppose 2*m - 6 = -4*r, 5*r - 35 = f*m - z*m. Is m composite?
False
Suppose -7*m = -2*m - 5*y - 9200, 4*m + y = 7345. Let a = m - 663. Suppose 0 = 15*p - 17*p + a. Is p composite?
False
Suppose -77 = -5*n - h, -7 - 17 = -2*n + 3*h. Let c = 17 - n. Suppose -3*j = 5*w - 2071, 3501 = 5*j - 2*w - c*w. Is j a composite number?
True
Let o = -869 - -272. Let j(z) = 280*z**2 - 3*z - 3. Let m be j(-2). Let g = m + o. Is g a composite number?
True
Suppose 2*o + 6*c = c + 410564, -7*o + 2*c = -1437091. Is o prime?
True
Let y(x) = 11277*x - 773. Is y(2) prime?
False
Suppose -5*k - 3*c = -6426406, 588*k = 587*k + 4*c + 1285249. Is k a composite number?
True
Let n(y) = -y. Let x be n(-5). Let j(r) = -r**3 + 9*r**2 - 22*r + 8. Let z be j(3). Is (39730/4)/x + z/(-8) prime?
True
Let t be 690/60*401/(-2)*-8. Suppose 0 = -2*r + 8, -2*z - 7*r = -10*r - t. Is z composite?
True
Let j(x) = -x - 12. Let l be j(-12). Suppose l = -2*p + 8, 0 = 2*d - d - p - 8527. Is d a prime number?
False
Let n be ((-2)/4)/(27/4 - 7). Suppose -5*a + 96871 = -5*x + n*x, 5*a - 96869 = 2*x. Is a a prime number?
True
Suppose 826289 - 269184 = 42*k - 106873. Is k prime?
True
Let h be 0 + -5 - (-5087 + 14). Suppose -5*r - 2012 = -2*u - 0*r, -5*u + 3*r + h = 0. Suppose 6*w + u = 14*w. Is w prime?
True
Let u = -42298 + 84667. Suppose -30638 = -11*s + u. Is s a prime number?
True
Let p be 4/(-16)*4 - -231. Suppose -2*c - 4*x + 130 = -128, -2*c + 3*x = -p. Is c composite?
True
Let b be (5/4)/(-8 + 33/4). Suppose -b*y = i - 5343 - 18183, -2*y - i = -9411. Is y prime?
False
Let r = -66999 - -116828. Is r prime?
False
Let a = -23 - -20. Let z = 3 + a. Suppose z = b - 196 + 17. Is b prime?
True
Suppose 3*l - 38811 - 11532 = -5*a, 4*l = -5*a + 67124. Is l a composite number?
True
Suppose -2*q + 4*g = -121506, 84*q - 243034 = 80*q - 3*g. Is q composite?
False
Let n(r) = -11 - r**2 + 2*r**2 - 4*r - 4*r - 2*r. Let x be n(11). Suppose 8*o + 0*o - 1704 = x. Is o prime?
False
Is (4 - (33/9 - -1))/(54/(-7778997)) a composite number?
True
Let v = 27 - 27. Suppose v*u - 4*u - 13 = -f, 0 = 4*f + 5*u + 11. Is 547/(0 - (-1)/f) composite?
False
Let g be (977 - 1)/((-2)/7). Let i(d) = -2*d**2 - 126*d + 171. Let t be i(-72). Let a = t - g. Is a composite?
True
Suppose g + x - 7 - 2 = 0, -5*g + x = -57. Suppose -201814 + 74027 = -g*p. Is p a prime number?
True
Let i be (-828693)/51 + 24/(-204). Let w = 21818 - i. Is w composite?
True
Let s(b) = 379*b - 118. Let l be s(23). Suppose -8*x + l = 2287. Is x a composite number?
True
Suppose 36 + 183 = 3*b. Let n = 176 - b. Is n a prime number?
True
Let t(h) = -h**3 - 2*h**2 + 1. Let b be t(1). Is (-1218 - -1)/(0 + b/2) a composite number?
False
Let l(z) = 9*z**2 - 29*z + 177. Is l(32) a prime number?
False
Let n = -4183 + 14443. Suppose -7*g = -9*g - 4*q - 8, 2*q = -10. Suppose -n + 1878 = -g*x. Is x composite?
True
Let l be (15/(-4))/((-3)/(-104)*-1). Suppose -5*v + l + 8606 = -y, 5240 = 3*v + y. Suppose -f + 2*f - 4*r - v = 0, 3*f - 5292 = -5*r. Is f a composite number?
False
Let j(g) = g**2 - 5. Let y be j(-4). Suppose 0 = 15*f - y*f - 1060. Suppose -f = -8*r + 7*r. Is r composite?
True
Let o = -1587 - 891. Is 3*(1 - 2 - o) - -2 a prime number?
True
Is (51978/8)/(((-66)/121)/((-120)/33)) a prime number?
False
Let v be (4/9)/((-351)/(-6318)). Let a(t) = 3*t + 3 - 1 + 21*t**2 + 6*t. Is a(v) prime?
False
Let v = 343664 + -101263. Is v composite?
True
Let n = -37 - -39. Suppose w - g = -4*w + 2392, 2394 = 5*w - n*g. Let a = w + -333. Is a composite?
True
Let p(w) = 7*w**3 + 47*w**2 + 33*w + 17. Let q(i) = 4*i**3 + 23*i**2 + 15*i + 8. Let v(z) = 3*p(z) - 5*q(z). Is v(-24) composite?
False
Suppose -a - 2*a = -12. Let g = a + 1. Suppose -3*h = 2*h - 10, 5*d + g*h - 1075 = 0. Is d composite?
True
Suppose -6 = 19*h - 22*h. Suppose -25 = -5*q, 4*q - 9*q + 25 = h*n. Suppose 8*v + 3*v - 19063 = n. Is v prime?
True
Let v(n) = n**3 + 13*n**2 - 14*n + 2. Let i be (-16)/10*285/38. Is v(i) composite?
True
Let f be (-14)/63 - (-21610)/45. Let k = f + 2829. Is k a composite number?
True
Let a(l) = -l**3 + l**2 + l + 119. Let j(f) = -f**3 + 16*f**2 - f + 18. Let h be j(16). Let p be (0/(-3 - h))/(-1). Is a(p) a composite number?
True
Let u(s) = 33111*s + 740. Is u(1) composite?
False
Is (-35 - -32)/((-3)/65077) a composite number?
True
Let r = -2122 + 842. Let m = -430 - r. Suppose -2*a + 3*a + 3*z = 430, 2*a - m = -4*z. Is a a composite number?
True
Suppose 3*c - 4*q = 208737, -7454 - 62103 = -c + 5*q. Is c prime?
False
Let s be 0/(-1*(-2 + -3)/5). Suppose -11*a + 1975 + 2722 = s. Is a a composite number?
True
Let m(o) = 451*o**3 + o**2 + o - 2. Suppose -4*w + a + 10 = -37, 4*a - 40 = -3*w. Let p be (-3)/18*w/(1 + -3). Is m(p) a composite number?
True
Let b = 8 - 2. Let q(k) = 75*k**2 - 28*k - 1. Is q(b) a prime number?
True
Suppose -10*f + 6*f + 103 = -j, 13 = f + 4*j. Suppose 10*g - f*g = -13065. Is g a composite number?
True
Suppose -34*j + 36*j - 4*c = 213822, -5*c + 534495 = 5*j. Is j a prime number?
True
Let p = 272138 + 123767. Is p composite?
True
Is 471758 - -4 - 10 - 15 a composite number?
True
Suppose 4*o = 2*o + 6. Let j = -3742 - -3754. Suppose -o*i - 17541 = -j*i. Is i prime?
True
Suppose -2*p - 28 = -9*p. Suppose 0*c + 16 = -p*c. Let g(d) = -392*d - 5. Is g(c) composite?
True
Suppose -15*a + 44803 = 1753. Suppose -x - a = -2*z, 3*x = z - 1307 - 118. Suppose -2375 = -4*g + z. Is g a composite number?
False
Is ((-2)/(-